ctors of b?
2
Suppose -t + h + 29 + 13 = 0, 5*h = -4*t + 123. What are the prime factors of t?
37
What are the prime factors of 3/6 + 255/2?
2
Let y = 10 - 6. Suppose 1 = -t - y. List the prime factors of 0 - (-1 + t)/3.
2
Let q = 10 + 40. Let o be 1/(-3 - (-148)/q). Let w = -15 - o. List the prime factors of w.
2, 5
Suppose 2*l - 53 - 29 = 0. What are the prime factors of l?
41
Let t be 108/8 + 2/4. Let a = 24 - t. List the prime factors of a.
2, 5
Let d(s) = s**2 - 2*s - 50. List the prime factors of d(12).
2, 5, 7
Let a = -142 - -268. Suppose -2*v - 4*v = -a. What are the prime factors of v?
3, 7
Let n = 11 - 8. Suppose n*a = 2*s + 20, 0 = a - s - 2*s - 2. List the prime factors of a.
2
Let y(u) = -u**2 - 5*u + 2. What are the prime factors of y(-5)?
2
Let u be 0/2*(-3)/3. Suppose -12 = 3*d - u*d, -99 = -3*j + 3*d. What are the prime factors of j?
29
What are the prime factors of (4/8)/((-3)/(-174))?
29
What are the prime factors of -71*(10/2)/(-5)?
71
Suppose 9*z - 12*z + 717 = 3*v, v = 0. What are the prime factors of z?
239
List the prime factors of (-2)/(-8) + (-1085)/(-28).
3, 13
Suppose -3*l + 51 = -5*y, 0*y - y = -2*l + 27. What are the prime factors of l?
2, 3
Let g(o) = 6*o - 12. List the prime factors of g(7).
2, 3, 5
Let b(g) = -g**3 + 8*g**2 + g - 1. Let h be b(8). Suppose h*x = 2*x + 25. Suppose -m + x + 5 = 0. List the prime factors of m.
2, 5
List the prime factors of (-6)/(-15)*5 + 38.
2, 5
Let p = 16 + -20. Let l(o) = -o**3 - 3*o**2 - 3*o - 3. What are the prime factors of l(p)?
5
What are the prime factors of (36/8 - 4)*298?
149
Suppose -21*y + 768 = -17*y. List the prime factors of (7/3)/(8/y).
2, 7
Let x(n) = -n**2 + 8*n - 7. Let v be x(6). Let y = 9 - v. What are the prime factors of y?
2
List the prime factors of (244/(-6))/(2/(-3)).
61
Suppose -2*m + 0*f - 4*f + 10 = 0, m = -f + 10. What are the prime factors of m?
3, 5
Let m(h) = -7*h - 7. What are the prime factors of m(-7)?
2, 3, 7
Let n(l) = -2*l**3 - 3*l**2 - 3. Let z be n(-3). Let u = z + -5. List the prime factors of u.
19
Let h = 7 - 4. List the prime factors of h.
3
Let y(f) = f**3 - 4*f**2 + 1. Let p be y(3). Let g be p/5*(-2 - 3). Suppose 0 = -g*c + 4*c + 36. List the prime factors of c.
3
Let l(p) = p**3 + 10*p**2 + 9*p + 1. What are the prime factors of l(-7)?
5, 17
Let o(s) = s**2 + 11*s - 18. List the prime factors of o(5).
2, 31
Let f(d) = 3*d - 13. Let x(v) = -3*v + 13. Let k(q) = -2*f(q) - 3*x(q). What are the prime factors of k(12)?
23
Suppose -4*u + 2*m - 22 = 0, 0 = -u + 2*m - 10. Let g = u + 6. List the prime factors of g.
2
List the prime factors of (1/(-3))/(7/(-42)).
2
Let u be (68/2 - 4) + 1. What are the prime factors of -1 + 2 + -9 + u?
23
Let f = -140 + 203. Let q = f - 33. Suppose -2*l + 4*l - q = 0. What are the prime factors of l?
3, 5
Suppose 0 = -5*c - 3*a - 15, -8*a + 3*a = 2*c + 25. Suppose c*y = -2*y + 12. What are the prime factors of (-2)/3 + 16/y?
2
Suppose -3*o + 0 = -6. Let x(w) = w - 1 + 13*w**3 + o - 2. List the prime factors of x(1).
13
Suppose -2*y - 60 = 68. Let s = y - -41. Let g = s - -42. What are the prime factors of g?
19
Suppose -7*g + 8 = -3*g. Let v(z) = g - 5 - 2*z - 2. What are the prime factors of v(-5)?
5
Let d(a) = 3*a + 3. Let b(g) = g**2 + 5*g + 4. Let x be b(-5). Let s be ((-4)/2)/(x/(-6)). What are the prime factors of d(s)?
2, 3
Suppose p = -5*m - 7, 3*m + 0*p = -p - 5. Let t be -1 - (m - (2 + -11)). Let g = 16 + t. What are the prime factors of g?
7
Suppose 5*b = 4*h - 17, 0 = 4*h + 6*b - b + 33. Let k(v) = v**3 + v - 6. Let p be k(0). Let y = h - p. List the prime factors of y.
2
Suppose -5*f + 1 = 3*o, o - 3*f - 8 = -3. Suppose j + 2 = -o. List the prime factors of 3 + j - (-6 - 0).
5
Suppose 0 = 5*k - 6*k + 4. Suppose k*w + 2 - 30 = 0. List the prime factors of w.
7
Let c(d) = -d + 3. Let x = 2 - 8. List the prime factors of c(x).
3
Suppose -2*u - 4*d = -26 + 6, d + 2 = 0. Suppose -3*w - u + 44 = 0. What are the prime factors of w?
2, 5
Let t(m) be the third derivative of 8*m**5/15 - m**4/24 - m**2. List the prime factors of t(1).
31
Suppose -2*n = -2*x + 310, -2*x - n + 0*n + 316 = 0. What are the prime factors of x?
157
Let f(g) = 32*g - 6. What are the prime factors of f(2)?
2, 29
Let g(t) = t**3 + t**2 - t + 2. Let h be g(-2). Suppose 8 + h = 2*w. Suppose -3*i + 2*i = -w. List the prime factors of i.
2
Let g(h) = -h**2 + 16*h - 13. What are the prime factors of g(11)?
2, 3, 7
Let h = -3 - -2. Let q(v) = 2*v**2. Let a be q(h). Suppose 0 = y - 5*y - 4*z, a*y = -4*z - 4. What are the prime factors of y?
2
Let i(p) = -2 + 3*p + 0*p**3 + p**3 - 2 - 3*p**2. Let d be i(3). Suppose -k - 6 = -2*h + d, 4*k - 16 = -2*h. List the prime factors of h.
2, 3
Let b = -36 - -47. Let r = 4 - 10. Let y = r + b. What are the prime factors of y?
5
Let k = 14 - 30. Let o(r) = -r**3 - 15*r**2 + 15*r + 7. List the prime factors of o(k).
23
Let o(j) = -j**3 - 9*j**2 + 5*j + 7. List the prime factors of o(-10).
3, 19
Let b = -83 + 207. List the prime factors of b.
2, 31
Let k = 11 - 7. Suppose 0*p - 25 = k*m - p, -5*m - 32 = -2*p. List the prime factors of -3*(14/m + 1).
2
Let g(y) = y**3 + 23*y**2 - 8*y + 19. What are the prime factors of g(-23)?
7, 29
Suppose -4 = -2*h + 3*l, 5*l - 25 + 5 = -2*h. Suppose 4 = -h*a + m + 25, 4*a - 3*m - 19 = 0. List the prime factors of a/(-10) + (-208)/(-20).
2, 5
Let n be (21/(-9) - -2)*-6. Let m be n/5 + (-915)/(-25). Suppose -5*k + m = 3*c, c - 5*c + 11 = -k. What are the prime factors of k?
5
Let z = -64 - -32. Let i be 2 - (z + 2 + -1). Suppose 3*b + 12 = i. What are the prime factors of b?
7
Let p = 9 - 4. Let b(a) = -2*a - 3*a**3 - 3 + 0 + p*a**2 + 2*a**3. List the prime factors of b(4).
5
Let q(b) = b + 3. Let u be q(8). Let r = u + -6. What are the prime factors of r?
5
Let l(n) = 7*n**2 - 1. Let x be l(-1). Let b = x + -1. What are the prime factors of b?
5
Let m(a) = 14*a + 3. Let b be m(3). Suppose 5*n = -4*j + 34 + 7, 5*n - b = -5*j. Suppose -44 = -5*c - j. What are the prime factors of c?
2
Let g(f) = 367*f**2 + 6*f - 8. What are the prime factors of g(1)?
5, 73
Suppose 3*v = 5*v - 2*f - 114, 2*v = f + 112. What are the prime factors of v?
5, 11
Let z(s) = -s**2 + 5*s - 2. Suppose 3*n = -5*v - 0 - 4, 4*n + 10 = -2*v. Let q = -1 - n. List the prime factors of z(q).
2
Let n = 5 - 6. Let h = n + 3. Suppose 2*u + 11 = -3*i, h*u = 7*u + i - 5. What are the prime factors of u?
2
Let o be (-54)/(-24) + (-6)/(-8). Suppose 60 = -o*c + 5*c. Let i = c + -17. List the prime factors of i.
13
Let k = -3 - -7. Let o be 8/(2 - k) + 2. List the prime factors of 5 - (2 + -3)*o.
3
Suppose -4*c - 18 = 10. Let a(q) = q**3 + 8*q**2 + 8*q + 3. Let u be a(c). List the prime factors of u/10 + 228/20.
11
Suppose 2*k - j - 2*j = 6, 0 = -3*j - 6. Suppose 3*v - 7 - 11 = k. What are the prime factors of v?
2, 3
Let l = -12 + 37. List the prime factors of l.
5
Let x(d) = -d**3 + 2*d**2 + 3*d - 3. Suppose -6 = -3*m, -5*w = -m - 11 + 3. Let i be x(w). Suppose -2*s = -i - 13. What are the prime factors of s?
2
Suppose -3*n + 20 = -37. What are the prime factors of n?
19
Let y(i) = -i - 5. Let k be y(-4). Let o = -33 + 21. What are the prime factors of 1/k - (0 + o)?
11
Let b(u) = 3*u**2 + u - 1. Let j be b(-2). List the prime factors of 110/j - (-4)/(-18).
2, 3
Suppose 7*b - 3*b = 8. Suppose b*w + 2*w + 4*z - 56 = 0, -4*w + 5*z = -83. List the prime factors of w.
17
Suppose -v - 4*b - b + 273 = 0, 5*v = 5*b + 1455. List the prime factors of v.
2, 3
Suppose 0*d + 5*d = -25, 2*i - 5*d = 31. List the prime factors of 36 + 0/(i + -5).
2, 3
List the prime factors of (32 - (2 + 0))/((-9)/(-45)).
2, 3, 5
Let g(k) = k - 5. Let w be g(5). Let j = 9 - w. Let f(a) = a**3 - 10*a**2 + 11*a. What are the prime factors of f(j)?
2, 3
Let m(k) = k**3 + 7*k**2 + 9*k + 8. Let i be m(-6). List the prime factors of (-78)/(-15)*-1*i.
2, 13
Let i(w) = -w**2 + 2*w + 1. Let t be i(2). Let b = t - -16. What are the prime factors of b?
17
Suppose -2*r = -4*u - 308, 5*r = 2*u + 3*u + 765. What are the prime factors of r?
2, 19
What are the prime factors of (13/(-39))/(1/(-99))?
3, 11
Suppose 4*h + 204 - 548 = 0. What are the prime factors of h?
2, 43
Suppose -52 = 5*k + h, -2*k - h + 8 = -3*k. Let v(s) = -3*s + 23. List the prime 